 -y**3 + 6*y**2 + 14*y + 9. What are the prime factors of v(h)?
2, 29
Suppose 0 = -68*s + 599271 + 1176753. What are the prime factors of s?
2, 3, 1451
Let v = -345 - -284. Let f be (-323)/4 + -1 + (-6)/24. Let i = v - f. List the prime factors of i.
3, 7
Let p(k) = 6785*k**2 - 9*k + 36. What are the prime factors of p(2)?
2, 37, 367
Let h(v) be the first derivative of -2*v**2 + 3*v - 9. Let z be h(-3). List the prime factors of (-288)/(-15)*z/3.
2, 3
Suppose l - h = 33892, -829*h = 4*l - 827*h - 135568. What are the prime factors of l?
2, 37, 229
What are the prime factors of 13452/152*2*6?
2, 3, 59
Let b be (34/51)/(4/(-126)). What are the prime factors of -5 + b/((-63)/5214)?
1733
Let n be (-4)/(-2) - (7 - (-809 - 7)). Let v = 1344 + n. List the prime factors of v.
523
Let k be (1 - 4) + 26/(-3 - -5). What are the prime factors of (-5 + 45/k)*-906?
3, 151
List the prime factors of 34728/10*((-165)/30 + 8).
2, 3, 1447
Let d(u) = -2*u**3 - 99*u**2 - 125*u + 33. List the prime factors of d(-53).
26321
Let r(w) = -w**3 - 63*w**2 - 99*w - 6413. What are the prime factors of r(-71)?
2, 3, 853
List the prime factors of 4 + (3 + 11348 - 2).
11353
Suppose -5*g + 2026 = a, 2*g - 2024 = -a - g. Let w = -3875 + a. What are the prime factors of 3 + 3/4 + w/(-24)?
3
What are the prime factors of (7/12)/(64/(-384)) + (-161574)/(-4)?
2, 5, 7, 577
List the prime factors of -16*1/8*(-2)/(-4)*-17519.
17519
Suppose -6*s = -37 - 47. Let w(p) = -p**2 + 26*p. Let k be w(s). Let r = 337 - k. What are the prime factors of r?
13
Let w(p) = 2*p**3 - 20*p**2 - p + 15. Let k be w(10). Suppose 0*r + 5*r - 15 = -i, -k*r + 15 = 0. List the prime factors of 12/18 + 784/3 + i.
2, 131
Let j(w) = 1155*w**3 + 18*w - 21. List the prime factors of j(2).
3, 5, 617
Let z = -1692 - -17636. List the prime factors of z.
2, 1993
Suppose 29*t = -4325 - 83. Let q = 194 + t. List the prime factors of q.
2, 3, 7
Let z = 98 + -103. List the prime factors of 5/2*(68 - (-40)/z).
2, 3, 5
Let z = 5579 - -8347. What are the prime factors of ((2/3)/2)/(22/z)?
211
Let j(k) = k**2 + 13*k - 298. List the prime factors of j(-96).
2, 5, 13, 59
Suppose 2623027 = -106*k + 6615305. What are the prime factors of k?
37663
Let i(c) = -2*c**3 - 5*c**2 - 5*c + 36. Suppose 45*h + 63 = 36*h. What are the prime factors of i(h)?
2
Suppose 5*a = -5*v + 1901 + 10094, 0 = 3*a - 2*v - 7217. List the prime factors of a.
3, 89
Let y(t) = t**2 + 2*t - 6. Let h = 1 - 6. Let u be y(h). Suppose -u*m - 212 = -1391. List the prime factors of m.
131
Let u(q) = 17171*q**2 + 175*q + 340. List the prime factors of u(-2).
2, 34337
Let b(f) = 55*f**3 + 10*f**2 + 479*f - 3363. List the prime factors of b(7).
5, 53, 73
Let h(t) = -3*t**3 - 9*t**2 - 9*t - 2. Let b be h(-10). Suppose 0 = -5*p + 22 + b. Suppose z - 46 = 5*y + 20, -5*z = 3*y - p. List the prime factors of z.
2, 43
Suppose 3*u = 3*q - 7 - 5, -2*q + 3*u = -12. Suppose q = -f + 3*f + 6. List the prime factors of f/(-9) + (-503)/(-3).
2, 3, 7
Let g be (-1 + 3)/((-5)/(-3 + -2677)). Suppose -3*r + 4*m + g = -0*m, -m = 5*r - 1825. What are the prime factors of r?
2, 7, 13
Let b(r) = 30*r. Let s be b(1). Suppose 18*z = 5*z + 3*z + 1920. Suppose 5*u + s - z = -2*y, 346 = 4*y - u. What are the prime factors of y?
2, 43
Let j be (413/(-140)*-12)/(3/105). Suppose -7*g + j = -3150. What are the prime factors of g?
3, 11, 19
Let w(n) = -1709*n + 474. List the prime factors of w(-39).
3, 5, 179
Suppose 0 = 2*k - 30 - 54. Let u be 2/((-4)/54) + (89 - 91). Let h = k + u. List the prime factors of h.
13
Let w = -7393 + 4305. List the prime factors of (-10)/(-2) - w/4.
3, 7, 37
Suppose -5*f = 99*j - 94*j - 11185, 2*f - 4480 = -4*j. What are the prime factors of f?
2, 1117
Let y be (-11 + 2)/(-3) + 5 + -1. Suppose 0 = 4*h - f, 2*h - 3*f = -y*f + 18. List the prime factors of (6/(-5))/(h - 132/130).
2, 3, 13
Let y(g) be the second derivative of 5*g**3/3 - 835*g. Let a(f) = f**3 - 5*f**2 + f - 3. Let n be a(5). List the prime factors of y(n).
2, 5
Suppose -4*x + 181570 = 3*m, 144320 + 37226 = 4*x - m. What are the prime factors of x?
2, 7, 1621
Suppose 0*p - 4*p + 3*l = 9516, 0 = -5*p - l - 11876. List the prime factors of p/(-55) - (-1)/5*-1.
43
What are the prime factors of (21 + -13)/((-4)/(-6068)) - (1 - 1)?
2, 37, 41
Let p be 8/(-44) - 336/(-33). Let c be (-60)/p*145/(-3). Let s = -168 + c. List the prime factors of s.
2, 61
Suppose 106 = -8*f - 62. Let x be -4*(14/f + (-14)/(-12)). What are the prime factors of ((126/(-8))/7)/(x/72)?
3
Let k(j) = -7520*j**3 - 2*j**2 + 18*j + 19. List the prime factors of k(-1).
73, 103
Let g(p) = -414*p**3 + 6*p**2 + p - 21. What are the prime factors of g(-2)?
3313
Suppose 2*q = -4*z - 876 + 25328, 0 = 2*z - 4*q - 12236. What are the prime factors of z?
2, 3, 1019
Suppose 0 = -10*n + 19 + 51. What are the prime factors of ((-24)/n)/((-92)/18998)?
2, 3, 59
Let b(s) = 176*s**2 - 65*s + 223. List the prime factors of b(4).
7, 397
Let w(q) = -10*q - 14. Let t(v) = v + 1. Let l(j) = t(j) + w(j). Let m be l(2). Let g = 181 - m. List the prime factors of g.
2, 53
Suppose -283*s = -504*s + 7240623. List the prime factors of s.
3, 67, 163
Suppose 0 = 44*j - 57*j. Let z(t) = 2*t**2 + 10*t + 9. Let d be z(-6). Suppose 18*l - d*l + 213 = j. List the prime factors of l.
71
Let t be (-2 + 30/12)/(1/(-2)). Let p(q) = -7*q - 3. Let u be p(t). Let k(v) = v**3 + 2*v**2 - 5*v + 2. What are the prime factors of k(u)?
2, 3, 13
Suppose -38 = -2*z + 22. List the prime factors of (132/z - 4) + 4096/10.
2, 5, 41
Let p = -67 - -70. Let n be 4 + (-6)/p*(-2 - -4). Suppose 3*h - 3*b - 291 = n, -4*h - 2*b + 5*b = -390. List the prime factors of h.
3, 11
Suppose 117 = 4*s - 3*o, -3*s + 2*o + 84 = -o. Let k = s - 35. What are the prime factors of 336/3 + (2 - k)?
2, 29
List the prime factors of ((24/(-2))/(-2))/(42/58002).
2, 3, 1381
Let d(y) = 1436*y + 1954. List the prime factors of d(7).
2, 3, 23, 29
Let x(r) = 8*r - 12. Let d be x(7). Let h = d - 42. What are the prime factors of -1 + 28 + h + -3 + 1?
3
Let k = -2415 - -63628. List the prime factors of k.
41, 1493
Let d be 42 - 22 - ((-6)/(-3) + -3). List the prime factors of ((-944)/3)/4*(-126)/d.
2, 59
Let i(s) be the second derivative of 320*s**3/3 - 13*s**2/2 - 41*s. Let l be i(1). Let b = l - 359. List the prime factors of b.
2, 67
Let g be 3 + 15/25*5. Let h(a) = -g*a + 11 + 0 + 16*a**2 - 9*a**2. List the prime factors of h(3).
2, 7
Let t(o) = -12*o + 206. Let z be t(15). Suppose q = -z*q + 297. List the prime factors of q.
11
List the prime factors of 49134 - (-2)/2*7.
157, 313
Suppose 5*i = 3*f - f - 21528, 3*f = 3*i + 32265. List the prime factors of f.
3, 3583
Suppose 68*t - 151*t = -72*t - 1738. What are the prime factors of t?
2, 79
Suppose -9 = -l - 7. Let a be ((-13)/((-78)/(-72)))/(l/(-21)). Let u = -59 + a. List the prime factors of u.
67
Let y(t) = 4*t**3 - 39*t**2 - 193*t + 111. What are the prime factors of y(31)?
3, 37, 683
Let p = -32 - -30. Let s(b) be the first derivative of 31*b**3/3 - 3*b**2 - 3*b - 9. List the prime factors of s(p).
7, 19
Let b be 1/(-4) - ((-695)/(-20) + 4). What are the prime factors of (-66)/1*(1 - (-169)/b)?
2, 5, 11
Let l(m) be the third derivative of m**6/60 - m**5/15 + m**4/12 + 6*m**2. Let w be l(2). Suppose 4*k - 400 = -4*u, 0 = -2*u + w. List the prime factors of k.
2, 7
List the prime factors of (1 + 14645/3)/((-201)/(-603)).
2, 1831
Let u(d) = -13*d + 142. Let p(a) = -1. Let r(z) = 5*p(z) - u(z). What are the prime factors of r(24)?
3, 5, 11
What are the prime factors of 167500/(-150)*(-9)/2?
3, 5, 67
Suppose 4013 = 5*k + 4*r - 371, -2*k - 3*r + 1748 = 0. Suppose -6*p + k = -4*p. Suppose b - 5*b = -p. List the prime factors of b.
2, 5, 11
Suppose 133*p + 201687 - 1082147 = 0. What are the prime factors of p?
2, 5, 331
Let s(k) = -7 + 13 - 2*k + 9*k + 15. Let j be s(8). Let i = j + 4. What are the prime factors of i?
3
Suppose 0 = -18*q - 45*q + 189. Suppose 0*b + b + q*i - 1857 = 0, b + 5*i - 1851 = 0. List the prime factors of b.
2, 3, 311
Suppose 2*b = 3*y - 3*b - 94, 3*y - 97 = 2*b. Suppose -20*j - 949 = -y*j. List the prime factors of j.
73
Suppose -4*g + 58531 = -f, 5*f + 43956 = 3*g - 4*f. List the prime factors of g.
3, 4877
Suppose -40*x = -223139 - 498072 + 12